1. Let g be d(4). Let c(x) = 2*x**3 - 7*x + 6. Let u(h) = h**3 - h**2. Let i(o) = g*u(o) - c(o). Is i(5) composite?
False
Suppose -3*r - 3*v = -3, r = -v + 3*v - 2. Suppose r = -4*n, -2*n = k - 2*k + 31. Is k a composite number?
False
Let c(l) = l - 2*l**2 - 3*l + l - 15*l**3 + l**2. Suppose 5*f - 4*j = -1, 4*f - j = -1 - 2. Is c(f) prime?
False
Suppose 3*z = -2*z + 25. Suppose 3*b + 5*g - 209 + 724 = 0, 4*b = -z*g - 690. Let y = -96 - b. Is y composite?
False
Suppose 0*s = -5*s. Is (-87 + (-2 - s))*-1 a prime number?
True
Suppose 4*o = 2*o + 16. Let t = -16 + o. Let f(l) = l**2 + 5*l + 7. Is f(t) a prime number?
True
Suppose 3*b = -19 - 11. Is (b/(-4))/(2/92) composite?
True
Let s = 40 + 3. Is s composite?
False
Suppose -2*k + 3*k + 705 = 5*z, -4*z + 543 = -5*k. Is z a composite number?
True
Suppose -532 = 2*r - 2*u - 3*u, -2*u + 4 = 0. Let n = r - -656. Is n a prime number?
False
Let s(a) = -2*a**3 + a - 4*a + a**3 - 2 + 0*a - 2*a**2. Let y(c) = -2*c**2 + 4*c - 2. Let x be y(2). Is s(x) prime?
False
Let z = -70 - -181. Suppose -5*k + 2*k = -z. Is k a composite number?
False
Let f = 129 + -341. Let h = 47 - f. Is h prime?
False
Let o be ((-8)/(-10))/(4/10). Let x(v) = 2*v**3 - 4*v**2 + 2*v. Let n be x(o). Suppose -63 = -n*d + 37. Is d a composite number?
True
Suppose 3*o - 317 - 73 = 0. Is o - (3 - -3 - 3) prime?
True
Let k(x) be the second derivative of -x**5/20 - x**4/2 + 5*x**3/3 + 3*x**2/2 + 3*x. Let d(q) = -8*q**3 - q**2 + q. Let n be d(1). Is k(n) a prime number?
False
Let l = -7 + 12. Suppose -1 = -t - 5*j + 7*j, t = -l*j + 15. Let n = t + 54. Is n a composite number?
False
Suppose 4*j = 7*j - 2361. Is j a composite number?
False
Let c(w) = 10*w - 17. Is c(13) a prime number?
True
Let t(q) = q**3 + 8*q**2 + 5*q - 8. Let a be t(-7). Let z be (a/(-4))/((-4)/832). Let f = z - 169. Is f a prime number?
False
Let m(h) = h**3 + 3*h**2 - 6*h - 1. Let i be m(-4). Let j(s) = s + 6 + 2*s**2 + s**3 + 3 - 8*s**2. Is j(i) prime?
False
Suppose 22 = p - 3*p - 5*r, -4 = p - r. Let t be (-4)/12 - 704/p. Suppose 0 = -0*q - 3*q + t. Is q a composite number?
True
Let i = 1977 - 1018. Is i prime?
False
Is (-341)/(-22) + (-6)/4 prime?
False
Let d = -4 + 80. Let i = -41 + d. Is i a composite number?
True
Let c(t) = t**3 - 9*t**2 + 5*t + 1. Let g be c(11). Suppose -w - g = -3*w. Is w prime?
True
Let s = -8 + 3. Let v(k) = 17*k + 7. Let j be v(s). Let l = -56 - j. Is l a prime number?
False
Suppose -20 = 5*v, -5*y + 3*v + 9 = -13. Suppose -5*f = y*p - 3*p - 709, -p = 4. Is f prime?
False
Suppose 0 = 5*c + 2*z + z - 2270, c - 426 = 5*z. Is c a composite number?
True
Let p = 7 - 0. Let h = 3 + p. Is h prime?
False
Suppose -3 = -y, -4*a + 325 = -4*y - y. Is a a prime number?
False
Is 14 - 15 - (-420 + 0) a composite number?
False
Let u(n) = -3*n**3 - n**2. Let q be u(-1). Suppose 2 = 5*c + 4*k, -k - 7 = q*c - 2*k. Is ((-1 + -1)*23)/c a composite number?
False
Let x = 13 + 16. Let o = x + 17. Suppose o - 186 = -4*r. Is r prime?
False
Let u(d) = -d**3 + 17*d**2 - 3*d - 17. Is u(16) a prime number?
True
Is (-4)/26 - 59616/(-156) a prime number?
False
Let b(k) = k**3 - 2*k**2 + 4*k + 5. Let v be (-4)/(-5)*(-15)/3. Let t be (7 - -1)*v/(-8). Is b(t) a composite number?
False
Let h(a) = 90*a**2 + 2*a + 1. Let y be h(-1). Suppose -5*w = -396 - y. Is w/(3/(-6)*-2) a prime number?
True
Let a = 3795 - 2522. Is a composite?
True
Let v be -1 - -1 - (-1 + 4). Is 4 + 2 + 1*v composite?
False
Let f = 17 - -274. Is f a composite number?
True
Suppose 5*a - 3*z = 67, a - 15 = 2*z - z. Let k = 20 - a. Is 201/k - (-2)/(-6) composite?
True
Let w = 782 + 105. Is w prime?
True
Let a = -2 + 0. Let t = -188 + 364. Is a/10 - t/(-5) prime?
False
Let x(p) be the second derivative of -p**5/60 + p**4/4 + p**3/3 + p**2/2 - p. Let b(n) be the first derivative of x(n). Is b(3) a prime number?
True
Suppose -4*q = h - 5*h - 15324, h + 11497 = 3*q. Is q composite?
False
Let a(w) = 42*w**3 + 2*w**2 - 1. Let z be a(-1). Let i = 98 - z. Suppose 4*n - i = -47. Is n a composite number?
False
Suppose 6*s = s + 10, -4*s = -g - 3. Suppose -3*b - 4*c + 1493 = 0, 0 = 3*b - b + g*c - 993. Is b a composite number?
False
Is (4 - -1) + (-1900)/(-2) a composite number?
True
Let h = -375 + 566. Is h a composite number?
False
Let b = 105 + 106. Is b prime?
True
Let p = 0 - 0. Suppose x + 2 - 10 = p. Let i(v) = v**2 - 2*v - 11. Is i(x) prime?
True
Is (5 - 2)*236/12 composite?
False
Suppose -3*o + 414 - 81 = 5*t, o + 2*t - 112 = 0. Suppose 0 = 6*m - 4*m - o. Is m a prime number?
True
Let g = -370 - -571. Is g composite?
True
Suppose 32 = -4*c - 0. Let v = c + 14. Suppose 2*r = v*r - 268. Is r prime?
True
Suppose -4*i - 404 = -4*u, -5*u + 0*u + 550 = 4*i. Let p = -27 + u. Is p prime?
True
Let d be (0/(-2))/(-1) + 222. Suppose -g - 4*m - 55 + d = 0, -2*g + 5*m = -321. Is g a composite number?
False
Let y(g) = -g**3 - 4*g**2 - 4*g. Let u be y(-3). Suppose 2*z = -u*z + 215. Is z a composite number?
False
Let v = 11 - 8. Is 445/v - (-10)/15 a prime number?
True
Let q(y) = 11*y + 3. Is q(14) a composite number?
False
Let b = -671 - -1396. Suppose -b = 5*a - 10*a + 4*k, -3*a - 3*k = -462. Is a a prime number?
True
Let p = 3 - 0. Suppose -4*t = 4*g - 140, p*g - 4*t - 156 = -g. Is g a composite number?
False
Suppose l + 2*l + 54 = 0. Let v be (280/21)/(4/l). Let w = -23 - v. Is w a composite number?
False
Let u = -514 + 1376. Is u a composite number?
True
Let t(q) = -q**2 + 5*q - 2. Let o be t(3). Let v(p) = p**3 - 6*p**2 + 6*p - 7. Let l be v(5). Is (o/(-6))/(l/393) a prime number?
True
Let a = -2764 - -6035. Is a composite?
False
Let v = 27 + 60. Is v prime?
False
Suppose 0*j + 16 = 4*j. Suppose j*l - 84 = 40. Is l a prime number?
True
Let a = -1 - -1. Suppose p - 8 = -3*h, h + 0*h - 10 = -4*p. Suppose -3*c + 133 = -h*x, 219 = 5*c - a*c - 4*x. Is c a composite number?
False
Suppose -4*w - 1062 = -a - a, -2*w + 6 = 0. Is a a composite number?
True
Let c = -4 - -19. Suppose 4*i = 41 + c. Is i/(-1*6/(-9)) composite?
True
Let o(i) be the third derivative of -i**6/120 - i**5/15 - i**4/8 + i**3/2 - 2*i**2. Let c be o(-3). Suppose 68 = h + c*z - 0*z, -84 = -h + 5*z. Is h prime?
False
Let t = 5 + -1. Suppose 0 = -t*l + 2 + 14. Is 214/l + 1/(-2) prime?
True
Suppose -5*m - 18 - 17 = 0. Let l = -2 - m. Is 8/(-20) - (-237)/l prime?
True
Let x = -29 + 14. Let d be x/(-10)*2/(-3). Is (327/9)/(d/(-3)) prime?
True
Let l(a) = a - 1. Let o be l(7). Let w(t) = o + t - 11 - 3*t - 11*t. Is w(-4) prime?
True
Is -5 - (3 + -12) - (-1 - 3322) composite?
True
Let p(y) = -2*y - 2. Let x = 1 - 4. Let d be p(x). Is d/(-10) + 187/5 prime?
True
Let g(m) = 79*m - 2. Is g(7) prime?
False
Let a(i) = i**2 + 8*i - 1. Let y(o) = o**2 + o. Let c(p) = a(p) - 2*y(p). Let x = 35 - 31. Is c(x) composite?
False
Let l = -686 + 1027. Is l composite?
True
Let w = 10 - -2. Suppose 0*a = -4*a + w. Suppose -73 = -a*m + 92. Is m a composite number?
True
Suppose 3*y - 5 = -17. Let s = y - -7. Is s composite?
False
Is (-189)/(-4) - 5/20 composite?
False
Suppose -w - 4*w - 60 = 0. Let q be (w/5)/((-2)/(-10)). Is (q/(-18))/((-2)/(-42)) composite?
True
Let k(u) = 5*u - 9 - 11*u + 2*u + 0*u. Is k(-5) a composite number?
False
Suppose 2749 = 10*t - 14281. Is t prime?
False
Let x(h) = 6*h**2 - 7*h + 11. Let o be x(6). Let q = o + 126. Is q a composite number?
False
Is (-1*2)/(3 - 1700/565) prime?
False
Let q = 72 - 50. Let s = -86 - q. Let y = -49 - s. Is y prime?
True
Suppose -5*r - 3*a = -9083, -384 = -3*r - 4*a + 5057. Is r a prime number?
False
Let r = -10 + 17. Suppose -9*b = -r*b - 298. Is b prime?
True
Suppose -5*w + 13613 = -2*c, -7*c = 5*w - 12*c - 13610. Is w prime?
False
Let y(z) = 6*z**2 - 3*z - 6. Suppose 0 = -4*r - 8 - 12. Is y(r) a prime number?
False
Is (-7244)/(-8)*6 - -1*2 composite?
True
Suppose 5*z + 2*w - 22 = 0, z - 5*w = -4*z + 15. Suppose 1585 = z*o - 5*l, -3*o + 4*l = -0*o - 1189. Is o composite?
True
Let k = 4 + -5. Let m be (-3 - k - -1) + 5. Suppose 0 = -m*i + 3*i + 119. Is i prime?
False
Is (2 - (-36)/(-20))*265 composite?
False
Let i be (8/(-8))/((-2)/(-26)). Let t = -11 - i. Is t prime?
True
Let y = 474 + 161. Is y prime?
False
Suppose 3*c + 0*c - 7 = -2*r, c - 5*r = 25. Suppose -c*x = -5*v + 815, 3*x + 110 = -3*v + 599. Is v prime?
True
Suppose 